 be -1*(-8)/20*165. Let r(q) = q - 2. Let t be r(6). Suppose -t*f + l = -2*u, -5*u - 54 = -5*f + 41. Calculate the remainder when f is divided by 8.
6
Let b = 12 - 10. Suppose 2*i + 2*i - 14 = -3*h, -b*h = -2*i. What is the remainder when i is divided by 2?
0
Let n = -171 - -115. Let g(u) = 4*u - 7. Calculate the remainder when 168/32*n/(-6) is divided by g(5).
10
Let z = -50 - -80. What is the remainder when 59 is divided by z?
29
Let s(j) = 3*j**2 + 4*j - 3. Calculate the remainder when 50 is divided by s(2).
16
Let k = 16 - 0. Let n = -1 + k. What is the remainder when 28 is divided by n?
13
Let x be (-3 - 0) + 2 - -32. Let r = x + -18. Calculate the remainder when r is divided by 7.
6
Let c be ((-2)/(-6))/((-2)/(-24)). Suppose 5*z - 3*z - 36 = -c*t, 5*z + t = 63. Calculate the remainder when 46 is divided by z.
10
Let a = 89 - 47. Suppose 0 = 3*d - 3*w - 0 + a, 2*d + 13 = -w. Calculate the remainder when 32 is divided by ((-44)/6)/(6/d).
10
Let t(q) = q**2 - 5*q + 5. Suppose j - 21 + 2 = 0. What is the remainder when j is divided by t(5)?
4
Suppose -l = -2*l + 2. What is the remainder when l + 1/(1/5) is divided by (0 - 5)*(-3)/5?
1
Suppose 5 = -s + 1. Let f be (-2)/s*-6 + 34. Let p = 3 + f. What is the remainder when p is divided by 12?
10
Let o = -3 - -2. What is the remainder when 2/(o/1 - -2) is divided by 3 - (2/(-2) + 2)?
0
Suppose -z - 37 = -2*z. Calculate the remainder when 147 is divided by z.
36
Suppose 4*f + 7 = 23. Calculate the remainder when f is divided by 1.
0
Let y(d) = d**2 - 12*d + 14. Let k be y(10). Let n = 21 - k. What is the remainder when n is divided by 10?
7
Suppose 3*m = -4*m + 161. Calculate the remainder when 90 is divided by m.
21
Let v(s) = -10*s + 1. Suppose 0 = -5*j - 0*j + 15. Calculate the remainder when v(-1) is divided by ((-18)/(-8))/(j/8).
5
Suppose 4*z = -3*r + 72, -r - 2*z = -0*z - 22. Suppose 5*u = -8 + r. Let a = 8 + -6. Calculate the remainder when u is divided by a.
0
Suppose 0 = 2*q + 3*q - 55. Calculate the remainder when 42 is divided by q.
9
Let p(s) = 4*s**2 - 3*s + 1. What is the remainder when 30 is divided by p(2)?
8
Suppose -4*t = -2*t - 110. Calculate the remainder when 15 is divided by 3/(-18) + t/6.
6
Suppose 3*m = -2*q + q + 34, 0 = 3*q + 2*m - 95. Calculate the remainder when 90 is divided by q.
28
Suppose 0 = 2*w + 3*w - 65. Suppose 36 - 71 = -5*y. Calculate the remainder when w is divided by y.
6
Suppose -c + 6*c - 3*n = -386, -5*c = -5*n + 380. Let b = c - -122. What is the remainder when b is divided by ((-22)/(-4))/((-3)/(-6))?
10
Suppose 70 = -10*x + 15*x. What is the remainder when x is divided by 2/(-1)*10/(-4)?
4
Suppose 0 = -3*y - 1706 - 319. Let o = -408 - y. Suppose -3*i = 2*g - o + 100, -2*i = g - 110. Calculate the remainder when i is divided by 18.
17
Let i(s) = -s**2 + 13*s - 7. Suppose -4*r = -r - 30. Calculate the remainder when i(9) is divided by r.
9
Let a be (-2)/6 + (-34)/6. What is the remainder when 16/6*(2/4 + 1) is divided by 4/a*(-9)/3?
0
Suppose -g - 1 = 6*l - 3*l, 2*g + 2*l - 10 = 0. Suppose 3*j - 25 - g = 0. Calculate the remainder when j is divided by 4.
3
Suppose -3*j = -5*c + 12, 8 = 2*c + 5*j - 3*j. Suppose c*q - 44 = y, 0*y + 52 = 3*q - 5*y. Calculate the remainder when q is divided by 8.
6
Suppose 0 = -5*o + 288 - 28. What is the remainder when 257 is divided by o?
49
Let m = 20 + 5. Calculate the remainder when m is divided by 9.
7
Suppose 5 = -l - 5*m, -6 + 35 = 5*l - 2*m. Suppose -3*s = 4*n - n - 123, -l*n = s - 197. Let y = n + -20. What is the remainder when y is divided by 7?
5
Suppose -5 = -u - y, 3*y = -4*u + 3*u + 9. What is the remainder when 16 is divided by u?
1
Suppose 6*x = 2*x - 5*r + 84, -x = 3*r - 21. What is the remainder when 38 is divided by x?
17
Suppose 6*y - 24 = 126. What is the remainder when 91 is divided by y?
16
Let n(o) be the third derivative of o**5/12 - o**4/8 + o**3/3 + 2*o**2. Let y be n(2). Suppose 0 = -m + y - 5. Calculate the remainder when 32 is divided by m.
10
Let c(w) = w. Let d be c(5). Suppose -3*f = -d*x - 0*x + 62, 2*x - f - 25 = 0. Calculate the remainder when x is divided by 7.
6
Suppose -3*v + 0*v + b + 30 = 0, 0 = 4*v + 5*b - 40. Calculate the remainder when 49 is divided by v.
9
Suppose 3*n + 3*f - 17 = n, 12 = 4*f. Suppose n*x - 3*x = 2*q + 26, -3*x + 5*q + 80 = 0. What is the remainder when x is divided by 8?
6
Suppose -5*l + 35 = -k, -2*l - 3 + 17 = 3*k. What is the remainder when 20 is divided by l?
6
Let u = -16 + 65. Let p(a) = -a**3 - 6*a**2. Let h be p(-6). Suppose h = -5*c + 2*y + 91, -c - 5*y = c - 19. What is the remainder when u is divided by c?
15
Suppose -3*j - 2*j = -10. Suppose j*c - 4 = -2. Calculate the remainder when c is divided by 1.
0
Suppose 5*c - 4*j + 2*j - 2 = 0, -2*j - 2 = 0. Calculate the remainder when 16 is divided by 10*(c + (-6)/(-10)).
4
What is the remainder when (-1)/((-4)/292)*1 is divided by 19?
16
Let y(j) = 2*j**2 + 10*j + 7. Suppose l + 0*l + 4*t - 2 = 0, -3*l = 5*t + 8. Calculate the remainder when y(l) is divided by 7.
5
Calculate the remainder when (-1)/(-1*4/132) is divided by 12.
9
Let h(l) = 1 - 2*l + 4*l + 2*l - 2*l. What is the remainder when 9 is divided by h(1)?
0
What is the remainder when 19 is divided by (-52)/(-5) + (-14)/35?
9
Suppose 6*u - 2*u + 3*h - 101 = 0, -2*u + 53 = -h. Calculate the remainder when u is divided by 7.
5
Let j(b) = b**2 + 4*b + 3. Suppose -5*i - 10 = 4*n + n, -5*i + 2*n - 31 = 0. What is the remainder when j(i) is divided by 3?
2
Let w = 32 - 60. Let v = w + 47. Calculate the remainder when v is divided by 7.
5
Suppose 2*m - m = 4. What is the remainder when m/(7/(1204/8)) is divided by 29?
28
Let s(n) = n + 7. What is the remainder when 47 is divided by s(10)?
13
Let p = 229 + -208. Calculate the remainder when p is divided by 12.
9
Let v(z) = -7*z + 31. Calculate the remainder when 49 is divided by v(3).
9
Let n(w) = -1 - 4 + 2*w**2 - w - 7*w + 0*w. Calculate the remainder when n(6) is divided by 7.
5
Let w = -20 + 29. What is the remainder when w is divided by 4?
1
Suppose 11 = 4*p + 5*t, 0*p + 2*t - 5 = -p. Let m be 8*-3*p/3. Let y = 15 - m. Calculate the remainder when 13 is divided by y.
6
Let z be (0 - (-50 - 1)) + 0. Let d = z - 31. Calculate the remainder when d is divided by (28/12)/((-1)/(-3)).
6
What is the remainder when 17 is divided by (-272)/(-44) + 2/(-11)?
5
Let l = 27 + 55. What is the remainder when l is divided by 17?
14
Suppose -2*y - 31 = -3*p, y + 3 = -4*p + 15. Let f = y + 12. Calculate the remainder when 5 is divided by f.
1
Let h = -3 - -12. What is the remainder when 42 is divided by h?
6
Let p be 0/4 + -2 - -4. Suppose -5*t - 3*w + p*w = -91, 3 = 3*w. Calculate the remainder when t is divided by 10.
8
Let n(i) = -3*i + 4. Suppose 0*t = -3*t + 111. Calculate the remainder when t is divided by n(-3).
11
Let k = 70 - 41. What is the remainder when 86 is divided by k?
28
Calculate the remainder when (-9 - -10) + (-1 - -1) + 93 is divided by 32.
30
What is the remainder when 46 is divided by (-738)/(-63) - 4/(-14)?
10
Let g(w) = -2*w**3 - 12*w**2 + 7*w - 8. Calculate the remainder when 161 is divided by g(-7).
38
Suppose -3 - 2 = -k, 0 = -2*z + 3*k + 29. Suppose -2*f - 2*f = 5*a - 30, -3*f = 0. What is the remainder when z is divided by a?
4
Suppose t + 111 = 2*z, -3*t + 2*t = z - 57. What is the remainder when z is divided by 20?
16
Suppose 2*n + 1 = 23. What is the remainder when 19 is divided by n?
8
Suppose -4*t + 2*g = -2*t - 10, -5*g + 5 = -2*t. Suppose 4*k - 3*s + 6*s - 9 = 0, 2*k + 5*s - 1 = 0. What is the remainder when t is divided by k?
1
Let h = -8 - -5. Calculate the remainder when -1 + 28/(-6)*h is divided by 5.
3
Suppose 0 = 5*d - 3*x + 7*x + 205, -5*x + 160 = -5*d. Let a = -16 - d. Calculate the remainder when 61 is divided by a.
19
Suppose -4 + 10 = 2*h. Let c(t) = t**3 - 2*t**2 + 4*t - 10. What is the remainder when c(3) is divided by h?
2
Suppose 4*d - 176 = -0*d. Suppose 2*k + 2*k - d = 0. Calculate the remainder when 32 is divided by k.
10
Let o = 8 - -11. What is the remainder when 73 is divided by o?
16
Let q(t) = 2*t + 34. What is the remainder when 134 is divided by q(0)?
32
Let s(q) = -18*q - 1. What is the remainder when s(-3) is divided by 18?
17
Suppose -3*a + 59 =